6
Suppose 0 = -x + 5*x. Suppose x = -4*o - o + 5. Let h = 0 + o. What is the units digit of h?
1
Let t(g) = g + 10. Let a be (-1 - (1 - -2))/(-2). Let w be 3/(0 - a/4). What is the units digit of t(w)?
4
Let z(w) = -2 - 5*w + 11*w + 2 - 2. What is the units digit of z(5)?
8
Let m(c) = c**2 + 3*c - 15. Let a(v) = -2*v**2 - 7*v + 31. Let u(r) = -2*a(r) - 5*m(r). Suppose -4*z = 2*z. What is the units digit of u(z)?
3
What is the units digit of (-4251)/(-91) + 2/7?
7
Suppose -25 = s - 6*s. What is the units digit of (-35 + s)*1/(-3)?
0
Suppose -2*n - j + 6*j = -111, 0 = n + 2*j - 42. What is the units digit of n?
8
Let j(u) = 2*u**2 - 2*u - 10. What is the tens digit of j(6)?
5
Suppose -2*j = 3*o + 13, 2*j = -j + o + 8. Let i(w) = -2 + 4*w + w**2 + j + 3. What is the units digit of i(-5)?
7
Let d(y) = 8*y**2 - 3*y + 2. Let z be d(2). Suppose -5*l = 5*j - 8*j + 9, 2*j + 4*l - z = 0. What is the units digit of j?
8
What is the units digit of -4 - (-15 + (-9)/3)?
4
Suppose 2*k - 12 = -4*g, g - 14 = 5*k - 0. What is the units digit of g?
4
Suppose 2*y - 84 - 38 = 0. What is the units digit of y?
1
Let x(b) = -b - 1. Let n be x(3). Let v = 4 + -2. What is the units digit of -3*n/6*v?
4
Suppose i - 5*i + 4*x + 28 = 0, -5*i + 3*x + 27 = 0. What is the tens digit of 2 + (-4 + i)*-26?
2
Suppose -u + 62 = -4*j, 3*j = u - 28 - 35. What is the units digit of u?
6
Let f(w) be the first derivative of 3/2*w**2 + 0*w + 2. What is the units digit of f(2)?
6
What is the hundreds digit of (0 + 218)/(12 - 11)?
2
Let r be (-11)/((21/6)/(-7)). Suppose -5*s + r + 98 = 0. What is the units digit of s?
4
Let k = 3 + -1. Suppose -m + 4 = k. What is the units digit of m?
2
Suppose -2*n = -5*j + 785, 466 = 5*j + 3*n - 294. What is the tens digit of j?
5
Let t(a) = a**2 - 8*a. Let m be t(8). Let q = m + 4. What is the units digit of q?
4
Suppose -20 = n - 4*l, 0*n - 5*l + 25 = 3*n. Suppose -4*t + t = n. Suppose 6*s - 2*s - 40 = t. What is the units digit of s?
0
What is the hundreds digit of 244 + 6/((-15)/(-5))?
2
Let z(y) = -y + 33. What is the units digit of z(-15)?
8
Suppose 4*i - 5*v = -75, -4*i - 51 - 6 = v. Let s = i - -28. Suppose 3*y - s = 23. What is the tens digit of y?
1
Suppose -f + 186 = 3*x, -2*f + 3*x + 129 + 216 = 0. What is the hundreds digit of f?
1
Let n(t) = 29*t**2 + t + 1. Let g be n(-1). What is the units digit of -1 + (-2)/2 + g?
7
Let i = 30 - 22. What is the units digit of i?
8
Let r(v) = -v**2 - 2*v + 2. Let u be r(-2). Let y(d) = 5*d**2 + 2. What is the tens digit of y(u)?
2
Let w = -1 + 4. Let v(m) = m**2 + 1. What is the tens digit of v(w)?
1
Suppose -3*v - m = -128, 3*v + 176 = 7*v + 4*m. What is the tens digit of v?
4
Let p(o) = 2*o**3 - 2*o**2 - 2*o. Let h be p(2). Suppose -5*t = -h*t - 5. Suppose 0 = t*l + 5*i, -2*l = -i - 21 + 6. What is the units digit of l?
5
Let d = 289 - 52. What is the units digit of d?
7
Suppose -16 = -x + 14. What is the tens digit of x?
3
Suppose -2*k = -4*w + 190, -4*w + 5*w - k - 48 = 0. What is the units digit of w?
7
Suppose 12 = -2*d - 4*y, 4*y - y = 4*d - 20. Suppose z = -d*z + 9. What is the units digit of z?
3
Let z(x) = -x**2 - x. Let p(o) = 3*o**3 + 5*o**2 - 3. Let b(l) = -p(l) - z(l). What is the units digit of b(-3)?
5
Let u = -27 - -142. What is the tens digit of u?
1
Suppose 4*o = 5*o - 2. What is the units digit of o?
2
Let o(b) = b**3 - b + 50. Let k be o(0). Let d = k + -17. What is the tens digit of d?
3
Let s = -5 - -10. Let y(a) = 5*a**3 - 5*a**2 + 6*a - 1. Let k(i) = -4*i**3 + 4*i**2 - 5*i + 2. Let m(n) = s*y(n) + 6*k(n). What is the units digit of m(0)?
7
Let v(w) = w**3 + 5*w**2 - 5*w + 7. Let y be v(-6). What is the units digit of y + 0 + (6 - -1)?
8
Let j(u) = -u**3 - 3*u**2 + 4*u + 3. Let m be (-5)/((-15)/(-6)) - 2. Let p be j(m). Let o = p - -9. What is the units digit of o?
2
Let r(j) = -2*j - 7 + 0 - 6. Let o be r(-9). Suppose 2*h + 4*n - 32 = 0, o*h - 58 = -0*h + n. What is the units digit of h?
2
Suppose -3*d + d + 14 = o, 0 = -5*d - o + 38. What is the units digit of d?
8
Suppose 0 = -k + 4*k - 9. Let z(u) = u**3 - 12*u**2 + 17*u - 13. Let x be z(11). Suppose 5*f + 2*b = 58, -8*b = -4*f - k*b + x. What is the units digit of f?
2
What is the tens digit of ((-1222)/39)/(2/(-6))?
9
What is the tens digit of 723/15 + 4/(-20)?
4
Suppose b = -b + 6. Suppose b*i + r + 11 = 75, 0 = r - 4. What is the units digit of (-4)/i - (-16)/5?
3
Suppose 255 = 5*l - 0*l + 2*u, 51 = l + 4*u. What is the tens digit of l?
5
Let o be (-4*1)/2 + 32. Suppose -5*h - o = -5*d, -d + h - 6*h = 0. Suppose u - g + 15 = 2*u, d*g = -2*u + 33. What is the tens digit of u?
1
Let k(r) = -r + 13. What is the units digit of k(9)?
4
Let y(x) = -14*x**3 + 2*x**2 + 2*x + 1. What is the tens digit of y(-1)?
1
Suppose 3*q - 6*q = -6. Suppose 2*n + q*s - 164 = -52, 50 = n - 2*s. What is the units digit of n?
4
Suppose 0 = -2*u + i + 55, 0*u - 5*i = u. Suppose -5*h = u, 3*k - k = 2*h + 14. Suppose 0 = -4*q + d + 35, -6*q + 4*d = -k*q - 44. What is the units digit of q?
8
Let p(r) = -r**3 + r**2 - r - 8. Let t be p(0). Suppose -g + 0*j - 3*j = 9, 2*g + 8 = -j. What is the tens digit of g*(-1)/(-2)*t?
1
Suppose 2*l = -2*t + 6, 2*l - 5*t - 1 = -2. Suppose -3*v + 77 = 4*a, a + l*a + 4*v - 56 = 0. What is the tens digit of a?
2
Suppose 2*g - 3*g = 7. Let t = -11 + 6. Let f = t - g. What is the units digit of f?
2
Let m be ((-10)/4)/(3/(-6)). Suppose 2*s - 17 = -h, s - 4*h + 0 = -m. What is the units digit of 3/(2 - -1)*s?
7
Let i(z) = -2*z + 7. Let d be i(5). Let n = -6 - d. What is the units digit of (-3)/18*n*10?
5
Suppose -154 = -4*s + 206. What is the tens digit of s?
9
Let l(a) = -4*a**2 - a + 2. Let k be l(-2). Let d = 17 + k. Suppose -4*r + 2*r = 3*m - 14, d*m + 21 = 3*r. What is the units digit of r?
7
Suppose 0*c = 5*c + 4*n - 241, 2*c + 3*n = 95. Suppose 0 = -3*j + 23 + c. What is the tens digit of j?
2
Suppose -5*i - 12 = -32. Suppose 0 = -2*o + 2 + i. What is the units digit of o?
3
Let d(b) be the second derivative of b**3/3 - 3*b**2/2 - 3*b. Let c be d(3). Suppose -r - c*x = -3, -r = 3*x - x - 6. What is the tens digit of r?
1
Suppose 4*b = 12, 2*b + 72 = 3*f - b. What is the tens digit of 276/f - (-4)/(-18)?
1
Let n(q) = -q**3 - 5*q**2 + 2*q + 5. Let f be n(-5). Suppose -2*w - 19 = 4*r + 15, w = -5*r - 8. Let b = f - w. What is the tens digit of b?
1
Suppose -2*j + 14 = 2*i, -38 = -5*i - 7*j + 5*j. Let k(y) = y**3 - 9*y**2 + 7*y + 5. Let x be k(i). What is the units digit of 2*x/6 + 2?
1
Let o(s) = -s**2 + 6*s + 8. Let l be o(6). Let q = -9 + l. What is the units digit of (0 + q)/(-1)*5?
5
Suppose 5*c + 39 - 9 = 0. Let a = c - -10. Suppose 0 = 6*t - a*t - 6. What is the units digit of t?
3
Let n(w) = -13*w**2 - 21*w - 4. Let o(y) = 7*y**2 + 11*y + 2. Let s(f) = 6*n(f) + 11*o(f). Let g be s(-5). Let u = 6 + g. What is the units digit of u?
4
Suppose 4*p = 5*d - 12, 2*d - 2 = -p - 5. Suppose -3*s + 8*s + i - 92 = d, -32 = -2*s + 2*i. What is the tens digit of s?
1
Let o(r) = -r**2 - 10*r + 8. What is the tens digit of o(-9)?
1
Suppose -o = -0*o + 1. What is the tens digit of 1 + 9/(o + 2)?
1
Suppose 9*p - 4*p = s - 37, 4*s + p - 169 = 0. What is the tens digit of s?
4
What is the units digit of (-75)/(-12) - 4/16?
6
Suppose -2 = -g - 0. What is the units digit of -18*g*(-2)/6?
2
Suppose h = -3*h + 20. What is the units digit of h?
5
Let b = 98 + -62. What is the tens digit of b?
3
Let k be (39/2)/((-1)/(-2)). What is the tens digit of (k - 3)/3 - -1?
1
Let b = 4 - 0. Suppose 0 = 2*q - b*d - 16, -14 = -2*q - 2*d - 4. Suppose -i - q = -2*i. What is the units digit of i?
6
Suppose 4*k = 2*k - 38. Let j = k - -24. What is the units digit of j?
5
Let p(i) = i**3 - i**2 - 1. Let b(r) = -3*r**3 + 4*r**2 - r + 5. Let u(m) = b(m) + 6*p(m). What is the tens digit of u(2)?
1
Let g(f) = -f**3 - 12*f**2 + f + 12. Let v be g(-12). Suppose -y + 5*r + 28 = v, 4*y - 13 = 5*r + 69. What is the units digit of y?
8
Let n = 10 + -9. What is the units digit of n?
1
Let k = 116 + -75. What is the units digit of k?
1
Let r(m) be the second derivative of m**5/20 - m**4/2 - 2*m**3/3 - 9*m**2/2 - 5*m. What is the tens digit of r(7)?
1
Suppose 4*m = 5*i - 6 - 1, i = -4*m + 11. Suppose m*k = k + 6. What is the units digit of k?
6
Let g = -22 + 9